ds digit of 1867?
8
What is the hundreds digit of 907?
9
What is the units digit of 13342?
2
What is the units digit of 467?
7
What is the tens digit of 1821?
2
What is the hundreds digit of 4173?
1
What is the hundreds digit of 5723?
7
What is the tens digit of 1802?
0
What is the units digit of 2470?
0
What is the hundreds digit of 119802?
8
What is the hundreds digit of 2169?
1
What is the thousands digit of 4914?
4
What is the thousands digit of 2460?
2
What is the tens digit of 243?
4
What is the hundreds digit of 1642?
6
What is the units digit of 13053?
3
What is the ten thousands digit of 20562?
2
What is the thousands digit of 5178?
5
What is the units digit of 44924?
4
What is the hundreds digit of 10131?
1
What is the units digit of 7167?
7
What is the units digit of 600?
0
What is the units digit of 1321?
1
What is the tens digit of 836?
3
What is the units digit of 5421?
1
What is the hundreds digit of 35384?
3
What is the ten thousands digit of 13203?
1
What is the tens digit of 22898?
9
What is the tens digit of 81285?
8
What is the tens digit of 35702?
0
What is the hundreds digit of 622?
6
What is the tens digit of 6432?
3
What is the hundreds digit of 4560?
5
What is the hundreds digit of 94798?
7
What is the units digit of 33968?
8
What is the tens digit of 901?
0
What is the ten thousands digit of 16688?
1
What is the tens digit of 1064?
6
What is the tens digit of 823?
2
What is the tens digit of 20097?
9
What is the tens digit of 12078?
7
What is the tens digit of 5099?
9
What is the tens digit of 80479?
7
What is the thousands digit of 7023?
7
What is the tens digit of 1423?
2
What is the hundreds digit of 2536?
5
What is the units digit of 125622?
2
What is the hundreds digit of 111329?
3
What is the hundreds digit of 1463?
4
What is the units digit of 4755?
5
What is the hundreds digit of 12997?
9
What is the tens digit of 1742?
4
What is the hundreds digit of 4208?
2
What is the hundreds digit of 1480?
4
What is the ten thousands digit of 37754?
3
What is the units digit of 66731?
1
What is the thousands digit of 3775?
3
What is the tens digit of 6537?
3
What is the units digit of 38136?
6
What is the hundreds digit of 19958?
9
What is the thousands digit of 131432?
1
What is the thousands digit of 15760?
5
What is the hundreds digit of 200?
2
What is the hundreds digit of 112043?
0
What is the units digit of 2644?
4
What is the thousands digit of 26701?
6
What is the tens digit of 266?
6
What is the tens digit of 70?
7
What is the hundreds digit of 991?
9
What is the hundreds digit of 31992?
9
What is the units digit of 10759?
9
What is the units digit of 650?
0
What is the tens digit of 721?
2
What is the thousands digit of 9399?
9
What is the hundreds digit of 838?
8
What is the units digit of 1930?
0
What is the tens digit of 1002?
0
What is the hundreds digit of 2632?
6
What is the hundreds digit of 2278?
2
What is the thousands digit of 21054?
1
What is the thousands digit of 9741?
9
What is the hundreds digit of 403?
4
What is the thousands digit of 3672?
3
What is the thousands digit of 25591?
5
What is the hundreds digit of 2231?
2
What is the hundreds digit of 1187?
1
What is the units digit of 19883?
3
What is the thousands digit of 2586?
2
What is the thousands digit of 46394?
6
What is the hundreds digit of 2619?
6
What is the hundreds digit of 1022?
0
What is the tens digit of 1674?
7
What is the units digit of 9918?
8
What is the hundreds digit of 1478?
4
What is the tens digit of 1208?
0
What is the ten thousands digit of 14956?
1
What is the hundreds digit of 428?
4
What is the thousands digit of 31356?
1
What is the tens digit of 2457?
5
What is the thousands digit of 202216?
2
What is the units digit of 5013?
3
What is the tens digit of 13?
1
What is the thousands digit of 74583?
4
What is the thousands digit of 51139?
1
What is the units digit of 1750?
0
What is the tens digit of 3417?
1
What is the thousands digit of 3074?
3
What is the tens digit of 136419?
1
What is the thousands digit of 1096?
1
What is the thousands digit of 3733?
3
What is the units digit of 649?
9
What is the ten thousands digit of 162772?
6
What is the units digit of 14270?
0
What is the units digit of 4001?
1
What is the hundreds digit of 441?
4
What is the thousands digit of 2924?
2
What is the tens digit of 851?
5
What is the hundreds digit of 10822?
8
What is the units digit of 114904?
4
What is the hundreds digit of 24734?
7
What is the hundreds digit of 37185?
1
What is the thousands digit of 2200?
2
What is the tens digit of 142?
4
What is the tens digit of 1905?
0
What is the ten thousands digit of 17860?
1
What is the ten thousands digit of 10490?
1
What is the thousands digit of 2928?
2
What is the thousands digit of 33121?
3
What is the ten thousands digit of 117390?
1
What is the units digit of 1810?
0
What is the units digit of 92?
2
What is the tens digit of 5420?
2
What is the units digit of 8005?
5
What is the ten thousands digit of 52792?
5
What is the thousands digit of 22603?
2
What is the ten thousands digit of 57873?
5
What is the hundreds digit of 36264?
2
What is the hundreds digit of 114?
1
What is the hundreds digit of 28734?
7
What is the ten thousands digit of 16865?
1
What is the hundreds digit of 3306?
3
What is the tens digit of 1087?
8
What is the thousands digit of 15609?
5
What is the units digit of 12741?
1
What is the thousands digit of 25522?
5
What is the hundreds digit of 346?
3
What is the hundreds digit of 884?
8
What is the units digit of 7400?
0
What is the units digit of 1328?
8
What is the hundreds digit of 971?
9
What is the tens digit of 54?
5
What is the tens digit of 15814?
1
What is the tens digit of 2348?
4
What is the tens digit of 87298?
9
What is the units digit of 6551?
1
What is the tens digit of 43049?
4
What is the units digit of 1951?
1
What is the thousands digit of 39990?
9
What is the hundreds digit of 1478?
4
What is the tens digit of 9220?
2
What is the ten thousands digit of 146854?
4
What is the units digit of 441?
1
What is the thousands digit of 166254?
6
What is the units digit of 474?
4
What is the tens digit of 1189?
8
What is the hundreds digit of 71438?
4
What is the tens digit of 53863?
6
What is the units digit of 31843?
3
What is the hundreds digit of 34084?
0
What is the hundreds digit of 783?
7
What is the units digit of 911?
1
What is the thousands digit of 43618?
3
What is the hundreds digit of 402?
4
What is the units digit of 3612?
2
What is the tens digit of 23377?
7
What is the thousands digit of 1752?
1
What is the hundreds digit of 7692?
6
What is the thousands digit of 23619?
3
What is the tens digit of 16220?
2
What is the units digit of 224?
4
What is the thousands digit of 1626?
1
What is the thousands digit of 29023?
9
What is the tens digit of 1868?
6
What is the ten thousands digit of 70520?
7
What is the hundreds digit of 4320?
3
What is the thousands digit of 15606?
5
What is the thousands digit of 7777?
7
What is the units digit of 4153?
3
What is the units digit of 7817?
7
What is the hundreds digit of 3169?
1
What is the ten thousands digit of 13351?
1
What is the hundreds digit of 656?
6
What is the hundreds digit of 4251?
2
What is the hundreds digit of 58841?
8
What is the thousands digit of 1847?
1
What is the units digit of 1375?
5
What is the thousands digit of 71126?
1
What is the thousands digit of 47741?
7
What is the ten thousands digit of 65006?
6
What is the tens digit of 10052?
5
What is the units digit of 483?
3
What is the units digit of 4453?
3
What is the units digit of 14775?
5
What is the units digit of 437?
7
What is the tens digit of 55429?
2
What is the hundreds digit of 33073?
0
What is the hundreds digit of 23645?
6
What is the units digit of 842?
2
What is the thousands digit of 46899?
6
What is the units digit of 10918?
8
What is the thousands digit of 1306?
1
What is the units digit of 22412?
2
What is the hundreds digit of 1310?
3
What is the hundreds digit of 2346?
3
What is the hundreds digit of 495?
4
What is the hundreds digit of 6969?
9
What is the hundreds digit of 529?
5
What is the units digit of 1512?
2
What is the units digit of 14252?
2
What is the tens digit of 960?
6
What is the hund